299 = 9*m - 6*m. Calculate the remainder when h is divided by 9.
8
Suppose 0 = 5*i - 0 - 15. Suppose -x - i*x - 2*j = -48, 4*j - 18 = -2*x. What is the remainder when x is divided by 7?
6
Suppose -2*l = -3*l + 2. Suppose p - 210 = -l*p. Suppose -h + 0*h = f - 12, -5*h + p = -5*f. Calculate the remainder when 24 is divided by h.
11
Suppose 0 = 13*w - 11*w - 24. Calculate the remainder when 13 is divided by w.
1
Let k(q) = -2*q**3 + 16*q**2 + 15*q - 97. What is the remainder when (-2)/5 - (-342)/5 is divided by k(8)?
22
Suppose -5*z + 275 = 25. Suppose 3*o = s + 37, -5*o + 2*s = -o - z. Calculate the remainder when 142 is divided by o.
10
Let h(a) = -a**3 - 10*a**2 - 9*a + 3. Suppose 4*t + 40 = -4*q, -5*q = -t + 52 - 8. What is the remainder when (-2)/(-8) - (-46)/8 is divided by h(q)?
0
Let v = -4 - -1. Let h(z) = z**2 - 2. Let d(t) = 2*t**3 + 19*t**2 + 23*t + 3. What is the remainder when d(-8) is divided by h(v)?
4
Let f = -6 + 12. Let x(d) = d**2 - 5*d - 3. Let u = -96 - -99. Calculate the remainder when x(f) is divided by u.
0
Let a(q) = q**2 + 4*q - 50. Calculate the remainder when a(13) is divided by 47.
30
Let c be 245 + 0 + (0 - -2). Suppose 0*b = 5*b - 2*r - c, -b + 44 = 5*r. Suppose 6*v = 5 + b. What is the remainder when v is divided by 7?
2
Let y = 15 - 11. Suppose y*j - 9 - 3 = 0. Suppose t + b - 17 = 0, t = 6*t + j*b - 77. What is the remainder when t is divided by 8?
5
Let l = 684 - 580. What is the remainder when l is divided by 45?
14
Suppose v - 66 = -5*v. Suppose -t - 3*l = 4 - 1, l + v = 3*t. Suppose 0 = -t*d + 228 - 51. Calculate the remainder when d is divided by 15.
14
Let i(y) = -4*y + 50. What is the remainder when 448 is divided by i(5)?
28
Let h = 8 + -6. Calculate the remainder when 63 is divided by (h*4)/((-11)/(-22)).
15
Suppose -9 - 6 = 5*g. Let z = g - -10. Suppose -3*d - 48 = -z*d. What is the remainder when 22 is divided by d?
10
Let p(y) = 8*y**2 + 37*y - 11. Calculate the remainder when 493 is divided by p(-7).
5
Suppose 0 = -5*g - 5 + 15, 3*g + 14 = 2*p. Let f(x) = -x**3 + 4*x**2 - 3*x + 2. Let y be f(2). Calculate the remainder when p is divided by y/(-14) - (-132)/21.
4
Let y be -3 - (-14 + (-1 - -1)). Suppose 1 = -2*g + y. Suppose -g*t + 128 = -t. What is the remainder when t is divided by 11?
10
Let s(t) = 6*t - 13. Let u(r) = r**2 + r + 3. Let a be u(-3). Let j(v) = v**2 - 8*v + 3. Let g be j(a). What is the remainder when s(g) is divided by 20?
19
What is the remainder when (8313/153)/((-21)/(-9) + -2) is divided by 45?
28
Suppose 5*r - j - 1106 = 0, 10*j - 5*j = 4*r - 868. What is the remainder when r is divided by 45?
42
Suppose 80 = 4*f - 2*x, -3*f = 4*x - 53 - 29. What is the remainder when f is divided by 6/(-14) - 1239/(-147)?
6
Let s = -612 + 648. Calculate the remainder when 317 is divided by s.
29
Suppose 255 = -6*n + 477. What is the remainder when 166 is divided by n?
18
Let o(r) = r**3 + 11*r**2 + 7*r + 11. Let c = -50 + 100. Suppose -7*h = -2*h + c. Calculate the remainder when o(h) is divided by 14.
13
Suppose 0 = 2*c - 2*n, 2*c - 5*n - 26 + 11 = 0. Let z be (c - -6)*(-1 - -2). Let l = z + 0. Calculate the remainder when 1 is divided by l.
0
Suppose 3*q + 2*q = 70. Let g = -76 - -27. Calculate the remainder when (-8 - g) + -1 + 0 is divided by q.
12
Let p(k) = k**2 - 3*k + 63. Let w be p(0). Suppose -5*x = -4*i + w, -5*i + 63 = -x - 0*x. What is the remainder when i is divided by 3?
0
Suppose 3*p + p = 12, -u - 2 = -p. Let k = u + 25. What is the remainder when 75 is divided by k?
23
Suppose 0 = 5*p - 3*y - 416, -2*y = 3*y + 10. Calculate the remainder when p is divided by 28.
26
Let c(n) = 7*n + 6. Let f = -49 - -54. Calculate the remainder when c(f) is divided by 11.
8
Suppose 63 = 3*n + 48, 0 = -v - 4*n + 104. What is the remainder when v is divided by 5?
4
Suppose -2*u + v = -5 - 5, 22 = 4*u - v. What is the remainder when (-70)/(-3) - (-2)/3 is divided by ((-39)/u)/((-1)/2)?
11
Let z = -61 + 42. Let k = -16 - z. Suppose -3*g = -3*u - 8 + 23, 5*u - 2*g = 22. Calculate the remainder when u is divided by k.
1
Let b = 495 + -473. Calculate the remainder when 172 is divided by b.
18
Let v = -141 - -159. What is the remainder when 71 is divided by v?
17
Let u(q) = q**2 + 26*q - 80. What is the remainder when 124 is divided by u(-29)?
5
Let r(d) = d + 14. Let v be r(-25). Let t(j) = j**2 + 7*j + 5. Calculate the remainder when 241 is divided by t(v).
45
Let j = 93 - -119. What is the remainder when j is divided by 43?
40
Let n be 0/(1 + -3 + 0). Calculate the remainder when 77 is divided by 22 - (n - 2) - 4.
17
Calculate the remainder when 780/72 - (-2)/12 is divided by (35/(-15) + 2)*-12.
3
Suppose -26 = -2*u - 6*g + 4*g, 4*u + g = 46. What is the remainder when 35 is divided by u?
2
Suppose o = 2*t + 3, 4*t = -4*o + 1 + 23. Suppose 0 = -o*q - 3*z + 2*z + 5, 5*q - 5 = -3*z. What is the remainder when 3/(-3) + -3 + (-21)/(-3) is divided by q?
0
Let k(b) = -b**3 + 12*b**2 - b + 14. Suppose 4*t - 18 = 30. Let l be k(t). Calculate the remainder when 19 is divided by (0 - -8) + (l - 0).
9
Suppose 124 + 233 = 4*n + g, -2*n + 151 = -5*g. What is the remainder when n is divided by 14?
4
Suppose -3*u = -4*i + 57, 3*u - 6 + 3 = -i. Let j = i - -21. What is the remainder when j is divided by 9?
6
Suppose u - 2*u = 1. Suppose 196 = 2*f + 2*f + 4*d, -8 = -4*d. Calculate the remainder when f is divided by u/(-1 + (-44)/(-48)).
11
Let n be (-3)/(-2)*1164/18. Let y = n + -45. Suppose 5*f - 5*h - 65 = 0, 3*h + 31 = 3*f + 4*h. Calculate the remainder when y is divided by f.
8
Suppose 0 = -5*m - 143 - 7. Let n be 5/m - 2/(-12). Suppose 0 = -n*j + j - 5. What is the remainder when 9 is divided by j?
4
Let z = -694 + 738. Calculate the remainder when 338 is divided by z.
30
Calculate the remainder when (9/(-4))/(-9) + (-1470)/(-40) is divided by -3 + (3 - 2) - -10.
5
Let o be 1/1*-2 + (-48)/(-2). Suppose -u = a + u - 22, 3*u = 12. Let r = o + a. Calculate the remainder when 69 is divided by r.
33
Suppose 4*o - 84 - 100 = 0. Let h = 68 + -10. Suppose -5*d = 2*z - h, 4*d - z = -3*z + o. Calculate the remainder when 47 is divided by d.
11
What is the remainder when ((-4)/8)/((-5838)/(-584) + -10) is divided by 87?
59
Let y = -238 - -260. Calculate the remainder when y is divided by 12.
10
Let p(b) = -27*b - 161. Calculate the remainder when p(-8) is divided by 19.
17
Let g(w) = -w**2 - 3*w + 17. Let z = -144 - -176. Calculate the remainder when z is divided by g(0).
15
Let c(l) be the first derivative of 2*l**2 + 10*l + 3. Let i be c(-4). What is the remainder when 29 is divided by i/12 + (-23)/(-2)?
7
Let b = 39 + 0. What is the remainder when 76 is divided by b?
37
Let k be 828/(-10) - 3/15. Let l = k + 41. Let c = l - -71. What is the remainder when c is divided by 10?
9
Let f(x) = 1. Let y(z) = -21*z - 1. Let q(d) = 4*f(d) - y(d). Calculate the remainder when q(3) is divided by (-10)/(-25) - (-68)/5.
12
Let k = -164 + 170. Calculate the remainder when -2*k/(-3) + 8 is divided by 11.
1
Let y(i) be the first derivative of i**3/3 + i**2/2 - 34*i + 16. Calculate the remainder when y(10) is divided by 6.
4
Let j(y) = 34*y**2 - 8*y + 99. What is the remainder when j(5) is divided by 13?
12
Let v be (2/(-3))/(10/(-60)). Suppose 5*m = 5*r + 120, -v*m + 81 = -2*r + r. Calculate the remainder when m is divided by 10.
9
Let s(i) = i**3 + 14*i**2 + 14*i + 48. Let l(m) = -13*m**3 - 2*m**2 + 1. What is the remainder when s(-13) is divided by l(-1)?
11
Suppose -5*w = -5*t - 0*t + 15, -4*w = 5*t + 12. Suppose 4*a - 32 = 3*a. Calculate the remainder when a is divided by (t + -22)/(6 + -8).
10
Suppose 25*z - 8*z = 1275. Calculate the remainder when 298 is divided by z.
73
Suppose 150 = 4*d - 142. What is the remainder when d is divided by 25?
23
Suppose 5*d - 3*p - 30 = -13, d = -4*p + 8. Suppose -10*g = -d*g - 342. Calculate the remainder when g is divided by 10.
7
Let r = -14 - -41. Suppose 48 = 3*c + 3*s, 2*c = -5*s + 22 + 16. Calculate the remainder when r + -3 + 6/3 is divided by c.
12
Suppose -108 = -t - t. Calculate the remainder when t is divided by 38/2*5/(-25)*-5.
16
Let y(v) = v**3 - 3*v**2 - 6*v - 2. Let o = 31 - -181. Calculate the remainder when 24/16*o/6 is divided by y(5).
17
Let l be 1 - (-4 + 55)/3. Let 